{"id":64,"date":"2015-03-06T15:55:33","date_gmt":"2015-03-06T15:55:33","guid":{"rendered":"http:\/\/www.ofm.hr\/juniorat\/?page_id=64"},"modified":"2022-03-10T09:47:14","modified_gmt":"2022-03-10T08:47:14","slug":"kontakt","status":"publish","type":"page","link":"https:\/\/ofm.hr\/juniorat\/kontakt\/","title":{"rendered":"Kontakt"},"content":{"rendered":"<p><a href=\"http:\/\/www.ofm.hr\/juniorat\/wp-content\/uploads\/2015\/03\/large_franjevacka-5418024321c29.jpg\" data-rel=\"lightbox-image-0\" data-rl_title=\"\" data-rl_caption=\"\" title=\"\"><img loading=\"lazy\" decoding=\"async\" class=\"alignnone size-medium wp-image-72\" src=\"http:\/\/www.ofm.hr\/juniorat\/wp-content\/uploads\/2015\/03\/large_franjevacka-5418024321c29-196x300.jpg\" alt=\"large_franjevacka-5418024321c29\" width=\"196\" height=\"300\" srcset=\"https:\/\/ofm.hr\/juniorat\/wp-content\/uploads\/2015\/03\/large_franjevacka-5418024321c29-196x300.jpg 196w, https:\/\/ofm.hr\/juniorat\/wp-content\/uploads\/2015\/03\/large_franjevacka-5418024321c29.jpg 650w\" sizes=\"auto, (max-width: 196px) 100vw, 196px\" \/><\/a><\/p>\n<p>Primarna adresa: Franjeva\u010dki samostan, Kaptol 9, 10000 Zagreb<\/p>\n<p>Trenuta\u010dna adresa: Ul. Svetog Leopolda Mandi\u0107a 41, 10040 Zagreb<\/p>\n<p>E-mail: franjevacki.juniorat@gmail.com<\/p>\n<p><iframe loading=\"lazy\" style=\"border: 0;\" src=\"https:\/\/www.google.com\/maps\/embed?pb=!1m18!1m12!1m3!1d2780.7421347382588!2d15.978166900000005!3d45.81642249999999!2m3!1f0!2f0!3f0!3m2!1i1024!2i768!4f13.1!3m3!1m2!1s0x4765d7024eaff4cd%3A0x3dd4838f6a9d30f6!2sKaptol+ul.+9%2C+10000%2C+Zagreb!5e0!3m2!1shr!2shr!4v1425676557199\" width=\"400\" height=\"300\" frameborder=\"0\"><\/iframe><\/p>\n","protected":false},"excerpt":{"rendered":"<p>Primarna adresa: Franjeva\u010dki samostan, Kaptol 9, 10000 Zagreb Trenuta\u010dna adresa: Ul. Svetog Leopolda Mandi\u0107a 41, 10040 Zagreb E-mail: franjevacki.juniorat@gmail.com<\/p>\n","protected":false},"author":14,"featured_media":0,"parent":0,"menu_order":0,"comment_status":"open","ping_status":"open","template":"","meta":{"inline_featured_image":false,"footnotes":""},"class_list":["post-64","page","type-page","status-publish"],"_links":{"self":[{"href":"https:\/\/ofm.hr\/juniorat\/wp-json\/wp\/v2\/pages\/64","targetHints":{"allow":["GET"]}}],"collection":[{"href":"https:\/\/ofm.hr\/juniorat\/wp-json\/wp\/v2\/pages"}],"about":[{"href":"https:\/\/ofm.hr\/juniorat\/wp-json\/wp\/v2\/types\/page"}],"author":[{"embeddable":true,"href":"https:\/\/ofm.hr\/juniorat\/wp-json\/wp\/v2\/users\/14"}],"replies":[{"embeddable":true,"href":"https:\/\/ofm.hr\/juniorat\/wp-json\/wp\/v2\/comments?post=64"}],"version-history":[{"count":2,"href":"https:\/\/ofm.hr\/juniorat\/wp-json\/wp\/v2\/pages\/64\/revisions"}],"predecessor-version":[{"id":5214,"href":"https:\/\/ofm.hr\/juniorat\/wp-json\/wp\/v2\/pages\/64\/revisions\/5214"}],"wp:attachment":[{"href":"https:\/\/ofm.hr\/juniorat\/wp-json\/wp\/v2\/media?parent=64"}],"curies":[{"name":"wp","href":"https:\/\/api.w.org\/{rel}","templated":true}]}}