{"id":68,"date":"2015-03-06T16:00:39","date_gmt":"2015-03-06T16:00:39","guid":{"rendered":"http:\/\/www.ofm.hr\/juniorat\/?page_id=68"},"modified":"2023-10-11T22:23:52","modified_gmt":"2023-10-11T20:23:52","slug":"o-nama","status":"publish","type":"page","link":"https:\/\/ofm.hr\/juniorat\/o-nama\/","title":{"rendered":"O nama"},"content":{"rendered":"<p>&nbsp;<\/p>\n<p style=\"text-align: justify;\"><span style=\"font-size: 12pt; font-family: georgia,palatino;\"><img decoding=\"async\" src=\"https:\/\/ofm.hr\/wp-content\/uploads\/2023\/10\/WhatsApp-Image-2023-10-05-at-22.47.33.jpeg\" \/><\/span><\/p>\n<p style=\"text-align: justify;\"><span style=\"font-size: 12pt; font-family: georgia,palatino;\">Vrijeme juniorata jest, najjednostavnije re\u010deno, razdoblje studija i formacije u trajanju od pet godina. Nastavljaju\u0107i, manje-vi\u0161e, prethodnu formaciju zapo\u010detu u postulaturi i novicijatu ovdje u jednoj ve\u0107oj slobodi nastojimo pojedina\u010dno i zajedni\u010dki podvrgnuti (samo)kritici mogu\u0107nosti realnoga ostvarenja onih ciljeva zbog kojih smo do\u0161li. Ipak u svakodnevnom susretu sa vlastitim siroma\u0161tvom i siroma\u0161tvom zajednice ne sustajemo &#8220;stavljati svoju kartu&#8221; na Boga kojemu ni\u0161ta nije nemogu\u0107e (usp. Lk 1,37).<\/span><\/p>\n<p style=\"text-align: justify;\"><span style=\"font-size: 12pt; font-family: georgia,palatino;\">Nadalje, kroz svakodnevnu molitvu \u010dasoslova i euharistijsko slavlje \u017eelimo biti, koliko je to mogu\u0107e, u \u0161to ve\u0107em dosluhu s Bo\u017ejom Rije\u010dju kako bismo otkrili i izvr\u0161ili, pomo\u0107u Bo\u017ejom, njegovu volju u tom danu, a ne samo u nadolaze\u0107oj budu\u0107nosti. Osim toga, u studiju pro\u0161irujemo svoje postoje\u0107e poglede prema onim vidicima i granicama razumske spoznaje Boga. Tako, otkrivamo jasno\u0107u, ljepotu i \u0161irinu vjere koja ipak izmi\u010de istim tim okvirima. U svojim svakodnevnim obvezama (poslu\u017eivanju, \u010di\u0161\u0107enju, pranju&#8230;) trudimo se, \u017eive\u0107i Isusovo \u010dovje\u0161tvo, sa\u010duvati jednostavnost Njegova bo\u017eanskog \u017eivota skrivenog u neznatnim i banalnim radnjama koje naizgled i nisu privla\u010dne, ali posve\u0107uju jer ih je On sam posvetio svojim slu\u017eenjem.<\/span><\/p>\n<p style=\"text-align: justify;\"><span style=\"font-size: 12pt; font-family: georgia,palatino;\">Tako\u0111er, \u017eivot u zajednici (kao i u obitelji) nije lagan, ali je lijep. No, upravo ta te\u017eina zajedni\u010dkog \u017eivota osvje\u0161\u0107uje nas i podsje\u0107a da smo Njegovi. Stoga, htjeli mi ili ne htjeli ona nas (zajednica) oblikuje u svakom pogledu i dimenziji na\u0161e osobe. Zato svaki brat jest ono \u0161to je primio od zajednice. Sve ovo jest priprema za skora\u0161nje &#8220;lomljenje&#8221; vlastitih \u017eivota za \u017eivote ljudi koji na nas \u010dekaju da im donesemo iskustvo \u017eivoga Boga koji napuknutu trsku ne\u0107e slomiti niti stijenja \u0161to tinja ugasiti (usp. Mt 12,20) ve\u0107 joj darovati \u017eivot vje\u010dni (usp. Iv 10,10).<\/span><\/p>\n<p>&nbsp;<\/p>\n<p>&nbsp;<\/p>\n<p style=\"text-align: left;\"><iframe loading=\"lazy\" src=\"https:\/\/www.youtube.com\/embed\/_FYZKqLkTzw\" width=\"560\" height=\"415\" frameborder=\"0\" allowfullscreen=\"allowfullscreen\"><\/iframe><\/p>\n","protected":false},"excerpt":{"rendered":"<p>&nbsp; Vrijeme juniorata jest, najjednostavnije re\u010deno, razdoblje studija i formacije u trajanju od pet godina. Nastavljaju\u0107i, manje-vi\u0161e, prethodnu formaciju zapo\u010detu u postulaturi i novicijatu ovdje u jednoj ve\u0107oj slobodi nastojimo pojedina\u010dno i zajedni\u010dki podvrgnuti (samo)kritici mogu\u0107nosti realnoga ostvarenja onih ciljeva zbog kojih smo do\u0161li. Ipak u svakodnevnom susretu sa vlastitim siroma\u0161tvom i siroma\u0161tvom zajednice ne &#8230; <a title=\"O nama\" class=\"read-more\" href=\"https:\/\/ofm.hr\/juniorat\/o-nama\/\" aria-label=\"Read more about O nama\">Op\u0161irnije<\/a><\/p>\n","protected":false},"author":14,"featured_media":0,"parent":0,"menu_order":0,"comment_status":"open","ping_status":"open","template":"","meta":{"inline_featured_image":false,"footnotes":""},"class_list":["post-68","page","type-page","status-publish"],"_links":{"self":[{"href":"https:\/\/ofm.hr\/juniorat\/wp-json\/wp\/v2\/pages\/68","targetHints":{"allow":["GET"]}}],"collection":[{"href":"https:\/\/ofm.hr\/juniorat\/wp-json\/wp\/v2\/pages"}],"about":[{"href":"https:\/\/ofm.hr\/juniorat\/wp-json\/wp\/v2\/types\/page"}],"author":[{"embeddable":true,"href":"https:\/\/ofm.hr\/juniorat\/wp-json\/wp\/v2\/users\/14"}],"replies":[{"embeddable":true,"href":"https:\/\/ofm.hr\/juniorat\/wp-json\/wp\/v2\/comments?post=68"}],"version-history":[{"count":34,"href":"https:\/\/ofm.hr\/juniorat\/wp-json\/wp\/v2\/pages\/68\/revisions"}],"predecessor-version":[{"id":5542,"href":"https:\/\/ofm.hr\/juniorat\/wp-json\/wp\/v2\/pages\/68\/revisions\/5542"}],"wp:attachment":[{"href":"https:\/\/ofm.hr\/juniorat\/wp-json\/wp\/v2\/media?parent=68"}],"curies":[{"name":"wp","href":"https:\/\/api.w.org\/{rel}","templated":true}]}}