{"id":31,"date":"2024-05-29T17:17:55","date_gmt":"2024-05-29T15:17:55","guid":{"rendered":"https:\/\/ofm.hr\/karlovac\/?page_id=31"},"modified":"2024-06-16T17:20:59","modified_gmt":"2024-06-16T15:20:59","slug":"franjevci-na-sluzbi","status":"publish","type":"page","link":"https:\/\/ofm.hr\/karlovac\/franjevci-na-sluzbi\/","title":{"rendered":"Franjevci na slu\u017ebi"},"content":{"rendered":"<p><span style=\"font-family: arial, helvetica, sans-serif;\">Franjevci koji djeluju u \u017eupi i samostanu:<\/span><\/p>\n<p><span style=\"font-family: arial, helvetica, sans-serif;\"><strong>fra <a href=\"https:\/\/ofm.hr\/karlovac\/wp-content\/uploads\/2024\/06\/fra-Leopold-Palic-min-scaled.jpg\">Leopold<\/a> Pali\u0107<\/strong>, gvardijan i \u017eupnik<\/span><br \/>\n<span style=\"font-family: arial, helvetica, sans-serif;\"><strong>fra <a href=\"https:\/\/ofm.hr\/karlovac\/wp-content\/uploads\/2024\/06\/ivica_berisic-min.jpg\">Ivica<\/a> Beri\u0161i\u0107<\/strong>, samostanski i \u017eupni vikar<\/span><br \/>\n<span style=\"font-family: arial, helvetica, sans-serif;\"><strong>fra <\/strong><a href=\"https:\/\/ofm.hr\/karlovac\/wp-content\/uploads\/2024\/06\/IMG_0761-min.png\"><strong>David <\/strong><\/a><strong>Vrbanec<\/strong>, \u0111akon<\/span><\/p>\n","protected":false},"excerpt":{"rendered":"<p>Franjevci koji djeluju u \u017eupi i samostanu: fra Leopold Pali\u0107, gvardijan i \u017eupnik fra Ivica Beri\u0161i\u0107, samostanski i \u017eupni vikar fra David Vrbanec, \u0111akon<\/p>\n","protected":false},"author":1,"featured_media":604,"parent":0,"menu_order":0,"comment_status":"closed","ping_status":"closed","template":"","meta":{"_sharing_image":null,"_sharing_image_fieldset":[],"footnotes":""},"class_list":["post-31","page","type-page","status-publish","has-post-thumbnail","hentry"],"yoast_head":"<!-- This site is optimized with the Yoast SEO plugin v25.0 - https:\/\/yoast.com\/wordpress\/plugins\/seo\/ -->\n<title>Franjevci na slu\u017ebi - Franjeva\u010dki samostan i \u017dupa Presvetoga Trojstva - Karlovac<\/title>\n<meta name=\"robots\" content=\"index, follow, max-snippet:-1, max-image-preview:large, max-video-preview:-1\" \/>\n<link rel=\"canonical\" href=\"https:\/\/ofm.hr\/karlovac\/franjevci-na-sluzbi\/\" \/>\n<meta property=\"og:locale\" content=\"hr_HR\" \/>\n<meta property=\"og:type\" content=\"article\" \/>\n<meta property=\"og:title\" content=\"Franjevci na slu\u017ebi - Franjeva\u010dki samostan i \u017dupa Presvetoga Trojstva - Karlovac\" \/>\n<meta property=\"og:description\" content=\"Franjevci koji djeluju u \u017eupi i samostanu: fra Leopold Pali\u0107, gvardijan i \u017eupnik fra Ivica Beri\u0161i\u0107, samostanski i \u017eupni vikar fra David Vrbanec, \u0111akon\" \/>\n<meta property=\"og:url\" content=\"https:\/\/ofm.hr\/karlovac\/franjevci-na-sluzbi\/\" \/>\n<meta property=\"og:site_name\" content=\"Franjeva\u010dki samostan i \u017dupa Presvetoga Trojstva - Karlovac\" \/>\n<meta property=\"article:publisher\" content=\"https:\/\/www.facebook.com\/franjevacki.samostan.karlovac\" \/>\n<meta property=\"article:modified_time\" content=\"2024-06-16T15:20:59+00:00\" \/>\n<meta property=\"og:image\" content=\"https:\/\/ofm.hr\/karlovac\/wp-content\/uploads\/2024\/06\/logo_smallest.png\" \/>\n\t<meta property=\"og:image:width\" content=\"347\" \/>\n\t<meta property=\"og:image:height\" content=\"482\" \/>\n\t<meta property=\"og:image:type\" content=\"image\/png\" \/>\n<meta name=\"twitter:card\" content=\"summary_large_image\" \/>\n<script type=\"application\/ld+json\" class=\"yoast-schema-graph\">{\"@context\":\"https:\/\/schema.org\",\"@graph\":[{\"@type\":\"WebPage\",\"@id\":\"https:\/\/ofm.hr\/karlovac\/franjevci-na-sluzbi\/\",\"url\":\"https:\/\/ofm.hr\/karlovac\/franjevci-na-sluzbi\/\",\"name\":\"Franjevci na slu\u017ebi - Franjeva\u010dki samostan i \u017dupa Presvetoga Trojstva - Karlovac\",\"isPartOf\":{\"@id\":\"https:\/\/ofm.hr\/karlovac\/#website\"},\"primaryImageOfPage\":{\"@id\":\"https:\/\/ofm.hr\/karlovac\/franjevci-na-sluzbi\/#primaryimage\"},\"image\":{\"@id\":\"https:\/\/ofm.hr\/karlovac\/franjevci-na-sluzbi\/#primaryimage\"},\"thumbnailUrl\":\"https:\/\/ofm.hr\/karlovac\/wp-content\/uploads\/2024\/06\/logo_smallest.png\",\"datePublished\":\"2024-05-29T15:17:55+00:00\",\"dateModified\":\"2024-06-16T15:20:59+00:00\",\"breadcrumb\":{\"@id\":\"https:\/\/ofm.hr\/karlovac\/franjevci-na-sluzbi\/#breadcrumb\"},\"inLanguage\":\"hr\",\"potentialAction\":[{\"@type\":\"ReadAction\",\"target\":[\"https:\/\/ofm.hr\/karlovac\/franjevci-na-sluzbi\/\"]}]},{\"@type\":\"ImageObject\",\"inLanguage\":\"hr\",\"@id\":\"https:\/\/ofm.hr\/karlovac\/franjevci-na-sluzbi\/#primaryimage\",\"url\":\"https:\/\/ofm.hr\/karlovac\/wp-content\/uploads\/2024\/06\/logo_smallest.png\",\"contentUrl\":\"https:\/\/ofm.hr\/karlovac\/wp-content\/uploads\/2024\/06\/logo_smallest.png\",\"width\":347,\"height\":482},{\"@type\":\"BreadcrumbList\",\"@id\":\"https:\/\/ofm.hr\/karlovac\/franjevci-na-sluzbi\/#breadcrumb\",\"itemListElement\":[{\"@type\":\"ListItem\",\"position\":1,\"name\":\"Home\",\"item\":\"https:\/\/ofm.hr\/karlovac\/\"},{\"@type\":\"ListItem\",\"position\":2,\"name\":\"Franjevci na slu\u017ebi\"}]},{\"@type\":\"WebSite\",\"@id\":\"https:\/\/ofm.hr\/karlovac\/#website\",\"url\":\"https:\/\/ofm.hr\/karlovac\/\",\"name\":\"Franjeva\u010dki samostan i \u017dupa Presvetoga Trojstva - Karlovac\",\"description\":\"Franjevci Karlovac\",\"publisher\":{\"@id\":\"https:\/\/ofm.hr\/karlovac\/#organization\"},\"potentialAction\":[{\"@type\":\"SearchAction\",\"target\":{\"@type\":\"EntryPoint\",\"urlTemplate\":\"https:\/\/ofm.hr\/karlovac\/?s={search_term_string}\"},\"query-input\":{\"@type\":\"PropertyValueSpecification\",\"valueRequired\":true,\"valueName\":\"search_term_string\"}}],\"inLanguage\":\"hr\"},{\"@type\":\"Organization\",\"@id\":\"https:\/\/ofm.hr\/karlovac\/#organization\",\"name\":\"Franjevci Karlovac\",\"url\":\"https:\/\/ofm.hr\/karlovac\/\",\"logo\":{\"@type\":\"ImageObject\",\"inLanguage\":\"hr\",\"@id\":\"https:\/\/ofm.hr\/karlovac\/#\/schema\/logo\/image\/\",\"url\":\"https:\/\/ofm.hr\/karlovac\/wp-content\/uploads\/2024\/05\/cropped-franjevci-logo-Copy.png\",\"contentUrl\":\"https:\/\/ofm.hr\/karlovac\/wp-content\/uploads\/2024\/05\/cropped-franjevci-logo-Copy.png\",\"width\":512,\"height\":512,\"caption\":\"Franjevci Karlovac\"},\"image\":{\"@id\":\"https:\/\/ofm.hr\/karlovac\/#\/schema\/logo\/image\/\"},\"sameAs\":[\"https:\/\/www.facebook.com\/franjevacki.samostan.karlovac\"]}]}<\/script>\n<!-- \/ Yoast SEO plugin. -->","yoast_head_json":{"title":"Franjevci na slu\u017ebi - Franjeva\u010dki samostan i \u017dupa Presvetoga Trojstva - Karlovac","robots":{"index":"index","follow":"follow","max-snippet":"max-snippet:-1","max-image-preview":"max-image-preview:large","max-video-preview":"max-video-preview:-1"},"canonical":"https:\/\/ofm.hr\/karlovac\/franjevci-na-sluzbi\/","og_locale":"hr_HR","og_type":"article","og_title":"Franjevci na slu\u017ebi - Franjeva\u010dki samostan i \u017dupa Presvetoga Trojstva - Karlovac","og_description":"Franjevci koji djeluju u \u017eupi i samostanu: fra Leopold Pali\u0107, gvardijan i \u017eupnik fra Ivica Beri\u0161i\u0107, samostanski i \u017eupni vikar fra David Vrbanec, \u0111akon","og_url":"https:\/\/ofm.hr\/karlovac\/franjevci-na-sluzbi\/","og_site_name":"Franjeva\u010dki samostan i \u017dupa Presvetoga Trojstva - Karlovac","article_publisher":"https:\/\/www.facebook.com\/franjevacki.samostan.karlovac","article_modified_time":"2024-06-16T15:20:59+00:00","og_image":[{"width":347,"height":482,"url":"https:\/\/ofm.hr\/karlovac\/wp-content\/uploads\/2024\/06\/logo_smallest.png","type":"image\/png"}],"twitter_card":"summary_large_image","schema":{"@context":"https:\/\/schema.org","@graph":[{"@type":"WebPage","@id":"https:\/\/ofm.hr\/karlovac\/franjevci-na-sluzbi\/","url":"https:\/\/ofm.hr\/karlovac\/franjevci-na-sluzbi\/","name":"Franjevci na slu\u017ebi - Franjeva\u010dki samostan i \u017dupa Presvetoga Trojstva - Karlovac","isPartOf":{"@id":"https:\/\/ofm.hr\/karlovac\/#website"},"primaryImageOfPage":{"@id":"https:\/\/ofm.hr\/karlovac\/franjevci-na-sluzbi\/#primaryimage"},"image":{"@id":"https:\/\/ofm.hr\/karlovac\/franjevci-na-sluzbi\/#primaryimage"},"thumbnailUrl":"https:\/\/ofm.hr\/karlovac\/wp-content\/uploads\/2024\/06\/logo_smallest.png","datePublished":"2024-05-29T15:17:55+00:00","dateModified":"2024-06-16T15:20:59+00:00","breadcrumb":{"@id":"https:\/\/ofm.hr\/karlovac\/franjevci-na-sluzbi\/#breadcrumb"},"inLanguage":"hr","potentialAction":[{"@type":"ReadAction","target":["https:\/\/ofm.hr\/karlovac\/franjevci-na-sluzbi\/"]}]},{"@type":"ImageObject","inLanguage":"hr","@id":"https:\/\/ofm.hr\/karlovac\/franjevci-na-sluzbi\/#primaryimage","url":"https:\/\/ofm.hr\/karlovac\/wp-content\/uploads\/2024\/06\/logo_smallest.png","contentUrl":"https:\/\/ofm.hr\/karlovac\/wp-content\/uploads\/2024\/06\/logo_smallest.png","width":347,"height":482},{"@type":"BreadcrumbList","@id":"https:\/\/ofm.hr\/karlovac\/franjevci-na-sluzbi\/#breadcrumb","itemListElement":[{"@type":"ListItem","position":1,"name":"Home","item":"https:\/\/ofm.hr\/karlovac\/"},{"@type":"ListItem","position":2,"name":"Franjevci na slu\u017ebi"}]},{"@type":"WebSite","@id":"https:\/\/ofm.hr\/karlovac\/#website","url":"https:\/\/ofm.hr\/karlovac\/","name":"Franjeva\u010dki samostan i \u017dupa Presvetoga Trojstva - Karlovac","description":"Franjevci Karlovac","publisher":{"@id":"https:\/\/ofm.hr\/karlovac\/#organization"},"potentialAction":[{"@type":"SearchAction","target":{"@type":"EntryPoint","urlTemplate":"https:\/\/ofm.hr\/karlovac\/?s={search_term_string}"},"query-input":{"@type":"PropertyValueSpecification","valueRequired":true,"valueName":"search_term_string"}}],"inLanguage":"hr"},{"@type":"Organization","@id":"https:\/\/ofm.hr\/karlovac\/#organization","name":"Franjevci Karlovac","url":"https:\/\/ofm.hr\/karlovac\/","logo":{"@type":"ImageObject","inLanguage":"hr","@id":"https:\/\/ofm.hr\/karlovac\/#\/schema\/logo\/image\/","url":"https:\/\/ofm.hr\/karlovac\/wp-content\/uploads\/2024\/05\/cropped-franjevci-logo-Copy.png","contentUrl":"https:\/\/ofm.hr\/karlovac\/wp-content\/uploads\/2024\/05\/cropped-franjevci-logo-Copy.png","width":512,"height":512,"caption":"Franjevci Karlovac"},"image":{"@id":"https:\/\/ofm.hr\/karlovac\/#\/schema\/logo\/image\/"},"sameAs":["https:\/\/www.facebook.com\/franjevacki.samostan.karlovac"]}]}},"acf":[],"_links":{"self":[{"href":"https:\/\/ofm.hr\/karlovac\/wp-json\/wp\/v2\/pages\/31","targetHints":{"allow":["GET"]}}],"collection":[{"href":"https:\/\/ofm.hr\/karlovac\/wp-json\/wp\/v2\/pages"}],"about":[{"href":"https:\/\/ofm.hr\/karlovac\/wp-json\/wp\/v2\/types\/page"}],"author":[{"embeddable":true,"href":"https:\/\/ofm.hr\/karlovac\/wp-json\/wp\/v2\/users\/1"}],"replies":[{"embeddable":true,"href":"https:\/\/ofm.hr\/karlovac\/wp-json\/wp\/v2\/comments?post=31"}],"version-history":[{"count":12,"href":"https:\/\/ofm.hr\/karlovac\/wp-json\/wp\/v2\/pages\/31\/revisions"}],"predecessor-version":[{"id":286,"href":"https:\/\/ofm.hr\/karlovac\/wp-json\/wp\/v2\/pages\/31\/revisions\/286"}],"wp:featuredmedia":[{"embeddable":true,"href":"https:\/\/ofm.hr\/karlovac\/wp-json\/wp\/v2\/media\/604"}],"wp:attachment":[{"href":"https:\/\/ofm.hr\/karlovac\/wp-json\/wp\/v2\/media?parent=31"}],"curies":[{"name":"wp","href":"https:\/\/api.w.org\/{rel}","templated":true}]}}