{"id":37,"date":"2024-05-29T22:24:06","date_gmt":"2024-05-29T20:24:06","guid":{"rendered":"https:\/\/ofm.hr\/karlovac\/?page_id=37"},"modified":"2024-06-16T16:10:11","modified_gmt":"2024-06-16T14:10:11","slug":"obavijesti","status":"publish","type":"page","link":"https:\/\/ofm.hr\/karlovac\/obavijesti\/","title":{"rendered":"Obavijesti"},"content":{"rendered":"<p><a href=\"https:\/\/ofm.hr\/karlovac\/wp-content\/uploads\/2024\/06\/oglasi-11.-NEDJELJA-KROZ-GODINU-B.pdf\"><span style=\"font-family: arial, helvetica, sans-serif;\">Ovdje mo\u017eete preuzeti i pro\u010ditati tjedne obavijesti. (11. NEDJELJA KROZ GODINU B)<\/span><\/a><\/p>\n","protected":false},"excerpt":{"rendered":"<p>Ovdje mo\u017eete preuzeti i pro\u010ditati tjedne obavijesti. (11. NEDJELJA KROZ GODINU B)<\/p>\n","protected":false},"author":1,"featured_media":212,"parent":0,"menu_order":0,"comment_status":"closed","ping_status":"closed","template":"","meta":{"_sharing_image":null,"_sharing_image_fieldset":[],"footnotes":""},"class_list":["post-37","page","type-page","status-publish","has-post-thumbnail","hentry"],"yoast_head":"<!-- This site is optimized with the Yoast SEO plugin v25.0 - https:\/\/yoast.com\/wordpress\/plugins\/seo\/ -->\n<title>Obavijesti - Franjeva\u010dki samostan i \u017dupa Presvetoga Trojstva - Karlovac<\/title>\n<meta name=\"robots\" content=\"index, follow, max-snippet:-1, max-image-preview:large, max-video-preview:-1\" \/>\n<link rel=\"canonical\" href=\"https:\/\/ofm.hr\/karlovac\/obavijesti\/\" \/>\n<meta property=\"og:locale\" content=\"hr_HR\" \/>\n<meta property=\"og:type\" content=\"article\" \/>\n<meta property=\"og:title\" content=\"Obavijesti - Franjeva\u010dki samostan i \u017dupa Presvetoga Trojstva - Karlovac\" \/>\n<meta property=\"og:description\" content=\"Ovdje mo\u017eete preuzeti i pro\u010ditati tjedne obavijesti. (11. NEDJELJA KROZ GODINU B)\" \/>\n<meta property=\"og:url\" content=\"https:\/\/ofm.hr\/karlovac\/obavijesti\/\" \/>\n<meta property=\"og:site_name\" content=\"Franjeva\u010dki samostan i \u017dupa Presvetoga Trojstva - Karlovac\" \/>\n<meta property=\"article:publisher\" content=\"https:\/\/www.facebook.com\/franjevacki.samostan.karlovac\" \/>\n<meta property=\"article:modified_time\" content=\"2024-06-16T14:10:11+00:00\" \/>\n<meta property=\"og:image\" content=\"https:\/\/ofm.hr\/karlovac\/wp-content\/uploads\/2024\/06\/obavijesti-min.jpg\" \/>\n\t<meta property=\"og:image:width\" content=\"1000\" \/>\n\t<meta property=\"og:image:height\" content=\"667\" \/>\n\t<meta property=\"og:image:type\" content=\"image\/jpeg\" \/>\n<meta name=\"twitter:card\" content=\"summary_large_image\" \/>\n<script type=\"application\/ld+json\" class=\"yoast-schema-graph\">{\"@context\":\"https:\/\/schema.org\",\"@graph\":[{\"@type\":\"WebPage\",\"@id\":\"https:\/\/ofm.hr\/karlovac\/obavijesti\/\",\"url\":\"https:\/\/ofm.hr\/karlovac\/obavijesti\/\",\"name\":\"Obavijesti - Franjeva\u010dki samostan i \u017dupa Presvetoga Trojstva - Karlovac\",\"isPartOf\":{\"@id\":\"https:\/\/ofm.hr\/karlovac\/#website\"},\"primaryImageOfPage\":{\"@id\":\"https:\/\/ofm.hr\/karlovac\/obavijesti\/#primaryimage\"},\"image\":{\"@id\":\"https:\/\/ofm.hr\/karlovac\/obavijesti\/#primaryimage\"},\"thumbnailUrl\":\"https:\/\/ofm.hr\/karlovac\/wp-content\/uploads\/2024\/06\/obavijesti-min.jpg\",\"datePublished\":\"2024-05-29T20:24:06+00:00\",\"dateModified\":\"2024-06-16T14:10:11+00:00\",\"breadcrumb\":{\"@id\":\"https:\/\/ofm.hr\/karlovac\/obavijesti\/#breadcrumb\"},\"inLanguage\":\"hr\",\"potentialAction\":[{\"@type\":\"ReadAction\",\"target\":[\"https:\/\/ofm.hr\/karlovac\/obavijesti\/\"]}]},{\"@type\":\"ImageObject\",\"inLanguage\":\"hr\",\"@id\":\"https:\/\/ofm.hr\/karlovac\/obavijesti\/#primaryimage\",\"url\":\"https:\/\/ofm.hr\/karlovac\/wp-content\/uploads\/2024\/06\/obavijesti-min.jpg\",\"contentUrl\":\"https:\/\/ofm.hr\/karlovac\/wp-content\/uploads\/2024\/06\/obavijesti-min.jpg\",\"width\":1000,\"height\":667},{\"@type\":\"BreadcrumbList\",\"@id\":\"https:\/\/ofm.hr\/karlovac\/obavijesti\/#breadcrumb\",\"itemListElement\":[{\"@type\":\"ListItem\",\"position\":1,\"name\":\"Home\",\"item\":\"https:\/\/ofm.hr\/karlovac\/\"},{\"@type\":\"ListItem\",\"position\":2,\"name\":\"Obavijesti\"}]},{\"@type\":\"WebSite\",\"@id\":\"https:\/\/ofm.hr\/karlovac\/#website\",\"url\":\"https:\/\/ofm.hr\/karlovac\/\",\"name\":\"Franjeva\u010dki samostan i \u017dupa Presvetoga Trojstva - Karlovac\",\"description\":\"Franjevci Karlovac\",\"publisher\":{\"@id\":\"https:\/\/ofm.hr\/karlovac\/#organization\"},\"potentialAction\":[{\"@type\":\"SearchAction\",\"target\":{\"@type\":\"EntryPoint\",\"urlTemplate\":\"https:\/\/ofm.hr\/karlovac\/?s={search_term_string}\"},\"query-input\":{\"@type\":\"PropertyValueSpecification\",\"valueRequired\":true,\"valueName\":\"search_term_string\"}}],\"inLanguage\":\"hr\"},{\"@type\":\"Organization\",\"@id\":\"https:\/\/ofm.hr\/karlovac\/#organization\",\"name\":\"Franjevci Karlovac\",\"url\":\"https:\/\/ofm.hr\/karlovac\/\",\"logo\":{\"@type\":\"ImageObject\",\"inLanguage\":\"hr\",\"@id\":\"https:\/\/ofm.hr\/karlovac\/#\/schema\/logo\/image\/\",\"url\":\"https:\/\/ofm.hr\/karlovac\/wp-content\/uploads\/2024\/05\/cropped-franjevci-logo-Copy.png\",\"contentUrl\":\"https:\/\/ofm.hr\/karlovac\/wp-content\/uploads\/2024\/05\/cropped-franjevci-logo-Copy.png\",\"width\":512,\"height\":512,\"caption\":\"Franjevci Karlovac\"},\"image\":{\"@id\":\"https:\/\/ofm.hr\/karlovac\/#\/schema\/logo\/image\/\"},\"sameAs\":[\"https:\/\/www.facebook.com\/franjevacki.samostan.karlovac\"]}]}<\/script>\n<!-- \/ Yoast SEO plugin. -->","yoast_head_json":{"title":"Obavijesti - Franjeva\u010dki samostan i \u017dupa Presvetoga Trojstva - Karlovac","robots":{"index":"index","follow":"follow","max-snippet":"max-snippet:-1","max-image-preview":"max-image-preview:large","max-video-preview":"max-video-preview:-1"},"canonical":"https:\/\/ofm.hr\/karlovac\/obavijesti\/","og_locale":"hr_HR","og_type":"article","og_title":"Obavijesti - Franjeva\u010dki samostan i \u017dupa Presvetoga Trojstva - Karlovac","og_description":"Ovdje mo\u017eete preuzeti i pro\u010ditati tjedne obavijesti. (11. NEDJELJA KROZ GODINU B)","og_url":"https:\/\/ofm.hr\/karlovac\/obavijesti\/","og_site_name":"Franjeva\u010dki samostan i \u017dupa Presvetoga Trojstva - Karlovac","article_publisher":"https:\/\/www.facebook.com\/franjevacki.samostan.karlovac","article_modified_time":"2024-06-16T14:10:11+00:00","og_image":[{"width":1000,"height":667,"url":"https:\/\/ofm.hr\/karlovac\/wp-content\/uploads\/2024\/06\/obavijesti-min.jpg","type":"image\/jpeg"}],"twitter_card":"summary_large_image","schema":{"@context":"https:\/\/schema.org","@graph":[{"@type":"WebPage","@id":"https:\/\/ofm.hr\/karlovac\/obavijesti\/","url":"https:\/\/ofm.hr\/karlovac\/obavijesti\/","name":"Obavijesti - Franjeva\u010dki samostan i \u017dupa Presvetoga Trojstva - Karlovac","isPartOf":{"@id":"https:\/\/ofm.hr\/karlovac\/#website"},"primaryImageOfPage":{"@id":"https:\/\/ofm.hr\/karlovac\/obavijesti\/#primaryimage"},"image":{"@id":"https:\/\/ofm.hr\/karlovac\/obavijesti\/#primaryimage"},"thumbnailUrl":"https:\/\/ofm.hr\/karlovac\/wp-content\/uploads\/2024\/06\/obavijesti-min.jpg","datePublished":"2024-05-29T20:24:06+00:00","dateModified":"2024-06-16T14:10:11+00:00","breadcrumb":{"@id":"https:\/\/ofm.hr\/karlovac\/obavijesti\/#breadcrumb"},"inLanguage":"hr","potentialAction":[{"@type":"ReadAction","target":["https:\/\/ofm.hr\/karlovac\/obavijesti\/"]}]},{"@type":"ImageObject","inLanguage":"hr","@id":"https:\/\/ofm.hr\/karlovac\/obavijesti\/#primaryimage","url":"https:\/\/ofm.hr\/karlovac\/wp-content\/uploads\/2024\/06\/obavijesti-min.jpg","contentUrl":"https:\/\/ofm.hr\/karlovac\/wp-content\/uploads\/2024\/06\/obavijesti-min.jpg","width":1000,"height":667},{"@type":"BreadcrumbList","@id":"https:\/\/ofm.hr\/karlovac\/obavijesti\/#breadcrumb","itemListElement":[{"@type":"ListItem","position":1,"name":"Home","item":"https:\/\/ofm.hr\/karlovac\/"},{"@type":"ListItem","position":2,"name":"Obavijesti"}]},{"@type":"WebSite","@id":"https:\/\/ofm.hr\/karlovac\/#website","url":"https:\/\/ofm.hr\/karlovac\/","name":"Franjeva\u010dki samostan i \u017dupa Presvetoga Trojstva - Karlovac","description":"Franjevci Karlovac","publisher":{"@id":"https:\/\/ofm.hr\/karlovac\/#organization"},"potentialAction":[{"@type":"SearchAction","target":{"@type":"EntryPoint","urlTemplate":"https:\/\/ofm.hr\/karlovac\/?s={search_term_string}"},"query-input":{"@type":"PropertyValueSpecification","valueRequired":true,"valueName":"search_term_string"}}],"inLanguage":"hr"},{"@type":"Organization","@id":"https:\/\/ofm.hr\/karlovac\/#organization","name":"Franjevci Karlovac","url":"https:\/\/ofm.hr\/karlovac\/","logo":{"@type":"ImageObject","inLanguage":"hr","@id":"https:\/\/ofm.hr\/karlovac\/#\/schema\/logo\/image\/","url":"https:\/\/ofm.hr\/karlovac\/wp-content\/uploads\/2024\/05\/cropped-franjevci-logo-Copy.png","contentUrl":"https:\/\/ofm.hr\/karlovac\/wp-content\/uploads\/2024\/05\/cropped-franjevci-logo-Copy.png","width":512,"height":512,"caption":"Franjevci Karlovac"},"image":{"@id":"https:\/\/ofm.hr\/karlovac\/#\/schema\/logo\/image\/"},"sameAs":["https:\/\/www.facebook.com\/franjevacki.samostan.karlovac"]}]}},"acf":[],"_links":{"self":[{"href":"https:\/\/ofm.hr\/karlovac\/wp-json\/wp\/v2\/pages\/37","targetHints":{"allow":["GET"]}}],"collection":[{"href":"https:\/\/ofm.hr\/karlovac\/wp-json\/wp\/v2\/pages"}],"about":[{"href":"https:\/\/ofm.hr\/karlovac\/wp-json\/wp\/v2\/types\/page"}],"author":[{"embeddable":true,"href":"https:\/\/ofm.hr\/karlovac\/wp-json\/wp\/v2\/users\/1"}],"replies":[{"embeddable":true,"href":"https:\/\/ofm.hr\/karlovac\/wp-json\/wp\/v2\/comments?post=37"}],"version-history":[{"count":7,"href":"https:\/\/ofm.hr\/karlovac\/wp-json\/wp\/v2\/pages\/37\/revisions"}],"predecessor-version":[{"id":588,"href":"https:\/\/ofm.hr\/karlovac\/wp-json\/wp\/v2\/pages\/37\/revisions\/588"}],"wp:featuredmedia":[{"embeddable":true,"href":"https:\/\/ofm.hr\/karlovac\/wp-json\/wp\/v2\/media\/212"}],"wp:attachment":[{"href":"https:\/\/ofm.hr\/karlovac\/wp-json\/wp\/v2\/media?parent=37"}],"curies":[{"name":"wp","href":"https:\/\/api.w.org\/{rel}","templated":true}]}}